t the prime factors of 585.
3, 5, 13
What are the prime factors of 14?
2, 7
What are the prime factors of 48954?
2, 3, 41, 199
List the prime factors of 3299.
3299
List the prime factors of 2643.
3, 881
What are the prime factors of 15214?
2, 7607
What are the prime factors of 94569?
3, 29, 1087
What are the prime factors of 1704?
2, 3, 71
What are the prime factors of 1036?
2, 7, 37
What are the prime factors of 123008?
2, 31
List the prime factors of 545.
5, 109
What are the prime factors of 1405?
5, 281
What are the prime factors of 11?
11
List the prime factors of 17.
17
List the prime factors of 3136.
2, 7
List the prime factors of 9294.
2, 3, 1549
What are the prime factors of 1113?
3, 7, 53
What are the prime factors of 136261?
136261
List the prime factors of 12161.
12161
List the prime factors of 10576.
2, 661
What are the prime factors of 25540?
2, 5, 1277
List the prime factors of 5341.
7, 109
What are the prime factors of 8380?
2, 5, 419
List the prime factors of 3735.
3, 5, 83
List the prime factors of 243.
3
What are the prime factors of 42?
2, 3, 7
What are the prime factors of 443?
443
List the prime factors of 2533.
17, 149
List the prime factors of 2523.
3, 29
List the prime factors of 17501.
11, 37, 43
What are the prime factors of 14210?
2, 5, 7, 29
List the prime factors of 3955.
5, 7, 113
What are the prime factors of 13941?
3, 1549
List the prime factors of 322.
2, 7, 23
What are the prime factors of 997?
997
List the prime factors of 7346.
2, 3673
List the prime factors of 1188.
2, 3, 11
List the prime factors of 14360.
2, 5, 359
What are the prime factors of 9546?
2, 3, 37, 43
List the prime factors of 2360.
2, 5, 59
What are the prime factors of 6322?
2, 29, 109
What are the prime factors of 13042?
2, 6521
List the prime factors of 2650.
2, 5, 53
What are the prime factors of 1015?
5, 7, 29
List the prime factors of 2090.
2, 5, 11, 19
What are the prime factors of 1205?
5, 241
List the prime factors of 6669.
3, 13, 19
What are the prime factors of 3599?
59, 61
What are the prime factors of 7463?
17, 439
List the prime factors of 20388.
2, 3, 1699
What are the prime factors of 48416?
2, 17, 89
List the prime factors of 3592.
2, 449
What are the prime factors of 9343?
9343
What are the prime factors of 5926?
2, 2963
List the prime factors of 1893.
3, 631
List the prime factors of 2964.
2, 3, 13, 19
List the prime factors of 60484.
2, 15121
List the prime factors of 63672.
2, 3, 7, 379
What are the prime factors of 576?
2, 3
List the prime factors of 3347.
3347
What are the prime factors of 59906?
2, 7, 11, 389
List the prime factors of 23737.
7, 3391
List the prime factors of 2996.
2, 7, 107
What are the prime factors of 18156?
2, 3, 17, 89
What are the prime factors of 711?
3, 79
What are the prime factors of 55?
5, 11
What are the prime factors of 15146?
2, 7573
List the prime factors of 31353.
3, 7, 1493
List the prime factors of 28996.
2, 11, 659
List the prime factors of 268.
2, 67
What are the prime factors of 1707?
3, 569
List the prime factors of 1206.
2, 3, 67
List the prime factors of 40689.
3, 11, 137
List the prime factors of 509.
509
List the prime factors of 4700.
2, 5, 47
What are the prime factors of 11983?
23, 521
List the prime factors of 4945.
5, 23, 43
List the prime factors of 94948.
2, 7, 3391
What are the prime factors of 8089?
8089
What are the prime factors of 6762?
2, 3, 7, 23
What are the prime factors of 38058?
2, 3, 6343
What are the prime factors of 3650?
2, 5, 73
What are the prime factors of 338?
2, 13
What are the prime factors of 24141?
3, 13, 619
List the prime factors of 1427.
1427
List the prime factors of 2283.
3, 761
What are the prime factors of 27596?
2, 6899
List the prime factors of 1682.
2, 29
List the prime factors of 24960.
2, 3, 5, 13
What are the prime factors of 76486?
2, 167, 229
List the prime factors of 13875.
3, 5, 37
What are the prime factors of 14804?
2, 3701
What are the prime factors of 6753?
3, 2251
List the prime factors of 1968.
2, 3, 41
List the prime factors of 49263.
3, 16421
List the prime factors of 46426.
2, 139, 167
List the prime factors of 1981.
7, 283
List the prime factors of 1955.
5, 17, 23
List the prime factors of 81170.
2, 5, 8117
List the prime factors of 69564.
2, 3, 11, 17, 31
List the prime factors of 821.
821
What are the prime factors of 2441?
2441
List the prime factors of 3722.
2, 1861
What are the prime factors of 503?
503
List the prime factors of 3696.
2, 3, 7, 11
What are the prime factors of 6907?
6907
What are the prime factors of 838?
2, 419
What are the prime factors of 490?
2, 5, 7
List the prime factors of 827.
827
What are the prime factors of 2282?
2, 7, 163
List the prime factors of 10269.
3, 7, 163
List the prime factors of 9958.
2, 13, 383
List the prime factors of 579.
3, 193
What are the prime factors of 295?
5, 59
What are the prime factors of 3306?
2, 3, 19, 29
What are the prime factors of 6199?
6199
What are the prime factors of 109035?
3, 5, 2423
List the prime factors of 7661.
47, 163
What are the prime factors of 379?
379
List the prime factors of 24470.
2, 5, 2447
List the prime factors of 8076.
2, 3, 673
List the prime factors of 2191.
7, 313
List the prime factors of 102010.
2, 5, 101
List the prime factors of 771.
3, 257
What are the prime factors of 1462?
2, 17, 43
What are the prime factors of 515?
5, 103
List the prime factors of 203.
7, 29
List the prime factors of 2125.
5, 17
List the prime factors of 5005.
5, 7, 11, 13
List the prime factors of 38261.
38261
List the prime factors of 29750.
2, 5, 7, 17
List the prime factors of 165.
3, 5, 11
What are the prime factors of 402?
2, 3, 67
List the prime factors of 875.
5, 7
What are the prime factors of 156651?
3, 11, 47, 101
List the prime factors of 1537.
29, 53
What are the prime factors of 876?
2, 3, 73
List the prime factors of 1735.
5, 347
What are the prime factors of 94260?
2, 3, 5, 1571
What are the prime factors of 74905?
5, 71, 211
What are the prime factors of 1777?
1777
What are the prime factors of 1562?
2, 11, 71
List the prime factors of 56825.
5, 2273
What are the prime factors of 2816?
2, 11
What are the prime factors of 20085?
3, 5, 13, 103
What are the prime factors of 5275?
5, 211
What are the prime factors of 4472?
2, 13, 43
What are the prime factors of 5995?
5, 11, 109
List the prime factors of 21756.
2, 3, 7, 37
What are the prime factors of 1566?
2, 3, 29
What are the prime factors of 1965?
3, 5, 131
What are the prime factors of 980?
2, 5, 7
List the prime factors of 3716.
2, 929
List the prime factors of 321.
3, 107
What are the prime factors of 350?
2, 5, 7
What are the prime factors of 2544?
2, 3, 53
What are the prime factors of 3848?
2, 13, 37
What are the prime factors of 17320?
2, 5, 433
List the prime factors of 33384.
2, 3, 13, 107
List the prime factors of 1423.
1423
List the prime factors of 6106.
2, 43, 71
What are the prime factors of 136?
2, 17
What are the prime factors of 428?
2, 107
List the prime factors of 6748.
2, 7, 241
What are the prime factors of 4731?
3, 19, 83
What are the prime factors of 7070?
2, 5, 7, 101
List the prime factors of 3853.
3853
List the prime factors of 1442.
2, 7, 103
List the prime factors of 11467.
11467
What are the prime factors of 3639?
3, 1213
List the prime factors of 1561.
7, 223
What are the prime factors of 1000?
2, 5
What are the prime factors of 2061?
3, 229
List the prime factors of 1611.
3, 179
What are the prime factors of 112589?
112589
List the prime factors of 1320.
2, 3, 5, 11
List the prime factors of 38792.
2, 13, 373
What are the prime factors of 15027?
3, 5009
What are the prime factors of 1680?
2, 3, 5, 7
What are the prime factors of 4144?
2, 7, 37
List the prime factors of 6514.
2, 3257
List the prime factors of 45143.
7, 6449
List the prime factors of 14281.
14281
List the prime factors of 6863.
6863
List the prime factors of 11311.
11311
List the prime factors of 4493.
4493
What are the prime factors of 3584?
2, 7
What are the prime factors of 5632?
2, 11
List the prime factors of 4297.
4297
What are the prime factors of 3050?
2, 5, 61
What are the prime factors of 8317?
8317
What are the prime factors of 34666?
2, 17333
What are the prime factors of 1659?
